{"id":1027,"date":"2022-07-09T13:41:22","date_gmt":"2022-07-09T11:41:22","guid":{"rendered":"http:\/\/rettilatd\u00f8.dk\/?page_id=1027"},"modified":"2022-07-09T13:41:23","modified_gmt":"2022-07-09T11:41:23","slug":"laegeloftet","status":"publish","type":"page","link":"https:\/\/xn--rettilatd-t8a.dk\/index.php\/laegeloftet\/","title":{"rendered":"L\u00c6GEL\u00d8FTET"},"content":{"rendered":"\n<p>Aktiv d\u00f8dshj\u00e6lp strider ikke som s\u00e5dan mod det danske l\u00e6gel\u00f8fte, der lyder:<\/p>\n\n\n\n<p>\u201dEfter at have aflagt offentlig pr\u00f8ve p\u00e5 mine i de medicinsk-kirurgiske fag erhvervede kundskaber, afl\u00e6gger jeg herved det l\u00f8fte, til hvis opfyldelse jeg end ydermere ved h\u00e5ndsr\u00e6kning har forpligtet mig:<br>at jeg ved mine forretninger som praktiserende l\u00e6ge stedse skal lade det v\u00e6re mig magtp\u00e5liggende, <\/p>\n\n\n\n<p>efter bedste sk\u00f8nnende at anvende mine kundskaber med flid og omhu til samfundets og mine medmenneskers gavn, <\/p>\n\n\n\n<p>at jeg stedse vil b\u00e6re lige samvittighedsfuld omsorg for den fattige som for den rige uden persons anseelse, <\/p>\n\n\n\n<p>at jeg ikke ubef\u00f8jet vil \u00e5benbare, hvad jeg i min egenskab af l\u00e6ge har erfaret, <\/p>\n\n\n\n<p>at jeg vil s\u00f8ge mine kundskaber fremdeles udvidede og i \u00f8vrigt g\u00f8re mig bekendt med og n\u00f8je efterleve de mig og mit fag vedkommende anordninger og bestemmelser.\u201d<\/p>\n\n\n\n<p>L\u00f8ftet blev indf\u00f8rt p\u00e5 K\u00f8benhavns Universitet i 1815 og har ikke \u00e6ndret ordlyd siden. Der er ikke nogen juridiske forpligtigelser ved at afgive l\u00f8ftet. Det formulerer alene etiske forpligtigelser, man p\u00e5tager sig ved at indtr\u00e6de i l\u00e6gestanden. Historisk bygger l\u00f8ftet p\u00e5 \u201dden hippokratiske ed\u201d, hvis hovedindhold var \u201dat helbrede, tr\u00f8ste og lindre\u201d.<\/p>\n","protected":false},"excerpt":{"rendered":"<p>Aktiv d\u00f8dshj\u00e6lp strider ikke som s\u00e5dan mod det danske l\u00e6gel\u00f8fte, der lyder: \u201dEfter at have aflagt offentlig pr\u00f8ve p\u00e5 mine i de medicinsk-kirurgiske fag erhvervede kundskaber, afl\u00e6gger jeg herved det l\u00f8fte, til hvis opfyldelse jeg &hellip;<\/p>\n","protected":false},"author":1,"featured_media":0,"parent":0,"menu_order":0,"comment_status":"closed","ping_status":"closed","template":"","meta":{"footnotes":""},"class_list":["post-1027","page","type-page","status-publish","hentry"],"_links":{"self":[{"href":"https:\/\/xn--rettilatd-t8a.dk\/index.php\/wp-json\/wp\/v2\/pages\/1027","targetHints":{"allow":["GET"]}}],"collection":[{"href":"https:\/\/xn--rettilatd-t8a.dk\/index.php\/wp-json\/wp\/v2\/pages"}],"about":[{"href":"https:\/\/xn--rettilatd-t8a.dk\/index.php\/wp-json\/wp\/v2\/types\/page"}],"author":[{"embeddable":true,"href":"https:\/\/xn--rettilatd-t8a.dk\/index.php\/wp-json\/wp\/v2\/users\/1"}],"replies":[{"embeddable":true,"href":"https:\/\/xn--rettilatd-t8a.dk\/index.php\/wp-json\/wp\/v2\/comments?post=1027"}],"version-history":[{"count":0,"href":"https:\/\/xn--rettilatd-t8a.dk\/index.php\/wp-json\/wp\/v2\/pages\/1027\/revisions"}],"wp:attachment":[{"href":"https:\/\/xn--rettilatd-t8a.dk\/index.php\/wp-json\/wp\/v2\/media?parent=1027"}],"curies":[{"name":"wp","href":"https:\/\/api.w.org\/{rel}","templated":true}]}}