{"id":137,"date":"2021-02-24T18:55:59","date_gmt":"2021-02-24T18:55:59","guid":{"rendered":"http:\/\/xn--rettilatd-t8a.dk\/?page_id=137"},"modified":"2023-11-18T09:30:49","modified_gmt":"2023-11-18T07:30:49","slug":"nordisk-samarbejde","status":"publish","type":"page","link":"https:\/\/xn--rettilatd-t8a.dk\/index.php\/nordisk-samarbejde\/","title":{"rendered":"Nordisk samarbejde"},"content":{"rendered":"\n<p>Der er aktive s\u00f8ster-foreninger i de nordiske nabolande, hvor man udveksler erfaringer og samles til et \u00e5rligt m\u00f8de for at inspirere til foreningernes kampagner for at f\u00e5 indf\u00f8rt en form for aktiv d\u00f8dshj\u00e6lp for indbyggerne. Linda Lund har deltaget i m\u00f8de i Stockholm 2019 og online 2020 med Finland som v\u00e6rt og har dermed skabt t\u00e6tte b\u00e5nd til de aktive bag de \u00f8vrige nordiske foreninger.<\/p>\n\n\n\n<div class=\"wp-block-file\"><a id=\"wp-block-file--media-688e979e-e3d3-4cbb-b9be-a5bc0431cd07\" href=\"https:\/\/178.20.216.245\/~rettilatd\/wp-content\/uploads\/2021\/07\/NOrdic-countries-in-English_July_2021.docx\">Den seneste status p\u00e5 de nordiske foreningers arbejde:  NOrdic-countries-in-English_July_2021<\/a><a href=\"https:\/\/178.20.216.245\/~rettilatd\/wp-content\/uploads\/2021\/07\/NOrdic-countries-in-English_July_2021.docx\" class=\"wp-block-file__button\" download aria-describedby=\"wp-block-file--media-688e979e-e3d3-4cbb-b9be-a5bc0431cd07\">Download<\/a><\/div>\n\n\n\n<p><\/p>\n\n\n\n<div class=\"wp-block-file\"><a id=\"wp-block-file--media-42d081a5-c2a8-4781-a8f2-779bee08880f\" href=\"http:\/\/xn--rettilatd-t8a.dk\/wp-content\/uploads\/2021\/02\/DAN_with-logos_Declaration-of-Medically-assisted-Dying-3.pdf\">De nordiske foreninger har sammen formuleret en &#8220;Declaration&#8221;, som i 2021 er sendt til de respektive landes regeringer. Heri tilskyndes regeringerne st\u00e6rkt til at tage afg\u00f8rende skridt for at lovligg\u00f8re aktiv d\u00f8dshj\u00e6lp. Deklarationen kan hentes her sammen med den danske overs\u00e6ttelse: DAN_with-logos_Declaration-of-Medically-assisted-Dying-3<\/a><a href=\"http:\/\/xn--rettilatd-t8a.dk\/wp-content\/uploads\/2021\/02\/DAN_with-logos_Declaration-of-Medically-assisted-Dying-3.pdf\" class=\"wp-block-file__button\" download aria-describedby=\"wp-block-file--media-42d081a5-c2a8-4781-a8f2-779bee08880f\">Download<\/a><\/div>\n\n\n\n<div class=\"wp-block-file\"><a id=\"wp-block-file--media-0668284d-4e15-466b-977e-49d94f7e66e0\" href=\"http:\/\/xn--rettilatd-t8a.dk\/wp-content\/uploads\/2021\/02\/Declaration-in-Danish.pdf\">Declaration-in-Danish<\/a><a href=\"http:\/\/xn--rettilatd-t8a.dk\/wp-content\/uploads\/2021\/02\/Declaration-in-Danish.pdf\" class=\"wp-block-file__button\" download aria-describedby=\"wp-block-file--media-0668284d-4e15-466b-977e-49d94f7e66e0\">Download<\/a><\/div>\n\n\n\n<p> <\/p>\n\n\n\n<p>I Stockholm afholdtes der 13-10-21 seminar med deltagelse af internationale akt\u00f8rer. I 2022 var det i Island og 2023 i Oslo.<\/p>\n\n\n\n<div class=\"wp-block-file\"><a id=\"wp-block-file--media-79b63c76-e9e5-4ba7-9301-ff55cebd83ba\" href=\"https:\/\/178.20.216.245\/~rettilatd\/wp-content\/uploads\/2021\/10\/seminar_Sverige_13-10-21.png\">seminar_Sverige_13-10-21<\/a><a href=\"https:\/\/178.20.216.245\/~rettilatd\/wp-content\/uploads\/2021\/10\/seminar_Sverige_13-10-21.png\" class=\"wp-block-file__button\" download aria-describedby=\"wp-block-file--media-79b63c76-e9e5-4ba7-9301-ff55cebd83ba\">Download<\/a><\/div>\n\n\n\n<hr class=\"wp-block-separator has-text-color has-accent-2-color has-css-opacity has-accent-2-background-color has-background is-style-wide\"\/>\n\n\n\n<p>Herunder er links til \u00f8vrige nordiske landes foreninger, hvor det ses, hvordan de arbejder for at p\u00e5virke politikere og offentlighed:<\/p>\n\n\n\n<ul class=\"wp-block-list\"><li><strong>Sverige: <a href=\"http:\/\/www.rtvd.nu\/\">http:\/\/www.rtvd.nu\/<\/a>&nbsp;<\/strong><\/li><\/ul>\n\n\n\n<figure class=\"wp-block-image is-resized\"><a href=\"http:\/\/www.rtvd.nu\/\" target=\"_blank\" rel=\"noopener\"><img loading=\"lazy\" decoding=\"async\" src=\"http:\/\/www.rtvd.nu\/template\/pix\/logga_Rtvd_trans.png\" alt=\"\" width=\"389\" height=\"162\"\/><\/a><\/figure>\n\n\n\n<p>  <\/p>\n\n\n\n<ul class=\"wp-block-list\"><li><strong>Norge:&nbsp; <a href=\"https:\/\/www.livstestament.org\/\">https:\/\/www.livstestament.org\/<\/a>&nbsp;<\/strong><\/li><\/ul>\n\n\n\n<figure class=\"wp-block-image\"><a href=\"https:\/\/www.livstestament.org\/\" target=\"_blank\" rel=\"noopener\"><img decoding=\"async\" src=\"https:\/\/www.livstestament.org\/wp-content\/uploads\/2017\/10\/Logo_rvd_ny_stor.png\" alt=\"Foreningen retten til en verdig d\u00f8d - Ditt valg\"\/><\/a><\/figure>\n\n\n\n<p>  <\/p>\n\n\n\n<ul class=\"wp-block-list\"><li><strong>Finland: <\/strong><a href=\"https:\/\/oakry.fi\/ditt-liv-ar-ditt\/\" target=\"_blank\" rel=\"noreferrer noopener\"><strong>https:\/\/oakry.fi\/ditt-liv-ar-ditt\/<\/strong><\/a><\/li><\/ul>\n\n\n\n<figure class=\"wp-block-image\"><a href=\"https:\/\/oakry.fi\/\"><img decoding=\"async\" src=\"https:\/\/oakry.fi\/wp-content\/uploads\/cropped-pulut2-1-1.jpg\" alt=\"Oikeus Arvokkaaseen Kuolemaan ry\"\/><\/a><\/figure>\n\n\n\n<p>  <\/p>\n\n\n\n<ul class=\"wp-block-list\"><li><strong>Island &#8211; <a href=\"https:\/\/lifsvirding.is\/\">https:\/\/lifsvirding.is\/<\/a> (L\u00edfsvir\u00f0ing: Respekt for livet)<\/strong><\/li><\/ul>\n\n\n\n<figure class=\"wp-block-image is-resized\"><a href=\"https:\/\/lifsvirding.is\/\" target=\"_blank\" rel=\"noopener\"><img loading=\"lazy\" decoding=\"async\" src=\"https:\/\/lifsvirding.is\/wp-content\/uploads\/2017\/01\/L%C3%ADfsvir%C3%B0ing-logo-fina-5pxl.jpg\" alt=\"L\u00edfsvir\u00f0ing\" width=\"253\" height=\"247\"\/><\/a><\/figure>\n","protected":false},"excerpt":{"rendered":"<p>Der er aktive s\u00f8ster-foreninger i de nordiske nabolande, hvor man udveksler erfaringer og samles til et \u00e5rligt m\u00f8de for at inspirere til foreningernes kampagner for at f\u00e5 indf\u00f8rt en form for aktiv d\u00f8dshj\u00e6lp for indbyggerne. &hellip;<\/p>\n","protected":false},"author":1,"featured_media":0,"parent":0,"menu_order":0,"comment_status":"closed","ping_status":"closed","template":"","meta":{"footnotes":""},"class_list":["post-137","page","type-page","status-publish","hentry"],"_links":{"self":[{"href":"https:\/\/xn--rettilatd-t8a.dk\/index.php\/wp-json\/wp\/v2\/pages\/137","targetHints":{"allow":["GET"]}}],"collection":[{"href":"https:\/\/xn--rettilatd-t8a.dk\/index.php\/wp-json\/wp\/v2\/pages"}],"about":[{"href":"https:\/\/xn--rettilatd-t8a.dk\/index.php\/wp-json\/wp\/v2\/types\/page"}],"author":[{"embeddable":true,"href":"https:\/\/xn--rettilatd-t8a.dk\/index.php\/wp-json\/wp\/v2\/users\/1"}],"replies":[{"embeddable":true,"href":"https:\/\/xn--rettilatd-t8a.dk\/index.php\/wp-json\/wp\/v2\/comments?post=137"}],"version-history":[{"count":0,"href":"https:\/\/xn--rettilatd-t8a.dk\/index.php\/wp-json\/wp\/v2\/pages\/137\/revisions"}],"wp:attachment":[{"href":"https:\/\/xn--rettilatd-t8a.dk\/index.php\/wp-json\/wp\/v2\/media?parent=137"}],"curies":[{"name":"wp","href":"https:\/\/api.w.org\/{rel}","templated":true}]}}